 a factor of 11727027?
True
Is 166782107 a multiple of 405?
False
Is 54845466 a multiple of 61?
True
Is 107 a factor of 42367185?
True
Is 771 a factor of 205090626?
True
Is 3012 a factor of 382978812?
True
Is 39 a factor of 3794306139?
True
Is 28166831 a multiple of 7?
True
Does 19 divide 97975723?
True
Is 2393 a factor of 20934088?
False
Does 315 divide 138857355?
True
Is 157197996 a multiple of 8?
False
Is 217 a factor of 1021337408?
True
Does 1843 divide 8232169?
False
Does 6800 divide 987139743?
False
Is 10 a factor of 39873860?
True
Does 59 divide 89548194?
True
Does 4 divide 420457300?
True
Is 13 a factor of 672997?
True
Is 21 a factor of 297581613?
True
Does 10 divide 104199490?
True
Is 1389 a factor of 39412875?
True
Does 314 divide 35594503?
False
Does 81 divide 253044591?
False
Is 1138916764 a multiple of 3635?
False
Is 149062261 even?
False
Does 3 divide 854568168?
True
Does 37 divide 133041048?
True
Is 22806225 a multiple of 207?
True
Does 531 divide 698872022?
False
Is 184927668 a multiple of 4507?
False
Is 1106 a factor of 178686466?
True
Is 181642670 a multiple of 10?
True
Is 406 a factor of 1525251808?
False
Does 217 divide 371560637?
True
Does 20 divide 57171760?
True
Does 174 divide 1160902882?
False
Is 3555 a factor of 531369405?
True
Is 5 a factor of 59626304?
False
Does 82 divide 14454304?
True
Does 134 divide 18900648?
False
Is 695 a factor of 271391245?
True
Does 886 divide 2689010?
True
Does 564 divide 85662012?
True
Is 701812830 a multiple of 3142?
True
Is 1756443347 a multiple of 1857?
False
Is 12873864 a multiple of 606?
True
Does 423 divide 1815732?
False
Is 89 a factor of 12142852?
False
Is 2092482 a multiple of 7?
True
Does 71 divide 3017297703?
False
Is 204711317 a multiple of 562?
False
Does 151 divide 254491747?
False
Does 12 divide 279162571?
False
Does 1472 divide 58102784?
True
Is 15 a factor of 1531785?
True
Is 1961 a factor of 325445599?
True
Is 15 a factor of 8903975?
False
Is 269 a factor of 37756846?
False
Is 1066767360 a multiple of 4586?
False
Is 60117111 a multiple of 55?
False
Is 172 a factor of 73003164?
True
Is 8 a factor of 120824792?
True
Does 33 divide 46073577?
True
Does 4 divide 36973513?
False
Is 29 a factor of 16828139?
False
Is 571 a factor of 171113283?
True
Is 1114554296 a multiple of 11927?
True
Is 70419621 a multiple of 556?
False
Does 210 divide 303092152?
False
Is 83 a factor of 53056823?
False
Is 1428 a factor of 2062426812?
False
Is 8 a factor of 42372624?
True
Does 9 divide 35370?
True
Does 2246 divide 455109226?
True
Is 1739 a factor of 101256323?
False
Is 5250 a factor of 348187358?
False
Does 192 divide 260989906?
False
Is 242 a factor of 107125013?
False
Is 11877320 a multiple of 1183?
True
Is 2286 a factor of 1768962373?
False
Is 127 a factor of 1512239397?
False
Does 21 divide 986899095?
True
Does 3 divide 99644566?
False
Does 385 divide 4531901990?
True
Is 118 a factor of 1316952468?
False
Is 31393557 a multiple of 555?
False
Does 420 divide 44813388?
False
Is 3699134 a multiple of 375?
False
Does 61 divide 2150231?
False
Is 1918514862 a multiple of 18?
True
Does 55 divide 27443280?
False
Does 20 divide 7868429?
False
Is 94 a factor of 352335399?
False
Does 21 divide 773028259?
False
Is 24 a factor of 28392?
True
Does 54 divide 50507438?
False
Is 16 a factor of 52576592?
True
Does 535 divide 4775410?
True
Does 458 divide 10859180?
True
Is 114388483 a multiple of 451?
True
Is 18035056 a multiple of 248?
True
Is 10 a factor of 645002840?
True
Is 47 a factor of 177354030?
True
Is 294762474 a multiple of 282?
True
Does 3 divide 34776386?
False
Does 15 divide 13315710?
True
Does 66 divide 297190654?
False
Is 35 a factor of 79289840?
True
Does 25 divide 64414100?
True
Is 2 a factor of 78050793?
False
Is 722 a factor of 72217328?
True
Does 215 divide 130058015?
True
Is 7163 a factor of 1584940587?
False
Is 50419530 a multiple of 777?
True
Is 5239468471 a multiple of 89?
False
Does 154 divide 53614927?
False
Does 15 divide 41537340?
True
Is 18 a factor of 11436456?
False
Is 484250975 a multiple of 73?
True
Does 7 divide 36050505?
False
Is 555 a factor of 14435550?
True
Is 231248990 a multiple of 22?
False
Is 26 a factor of 2252658403?
False
Is 177 a factor of 22593908?
False
Is 12895286 a multiple of 137?
False
Is 126918245 a multiple of 1041?
False
Does 2122 divide 507037046?
True
Is 2676 a factor of 195845736?
True
Is 191113156 a multiple of 1651?
True
Is 2426303672 a multiple of 23?
True
Does 118 divide 6612484?
True
Is 180531666 a multiple of 14?
True
Is 18 a factor of 1544984876?
False
Does 444 divide 8619372?
True
Is 5 a factor of 2012258010?
True
Does 27 divide 2161215?
True
Is 1228065910 a multiple of 58?
False
Is 13041578 a multiple of 137?
True
Is 3308824 a multiple of 8?
True
Is 13 a factor of 45569511?
True
Is 647106609 a multiple of 29?
True
Does 26 divide 76225084?
True
Is 326 a factor of 58603716?
True
Does 526 divide 408438308?
False
Is 20 a factor of 104890160?
True
Does 98 divide 408368316?
False
Is 45 a factor of 6021648201?
False
Is 70804268 a multiple of 2702?
False
Does 8 divide 135653056?
True
Is 2575 a factor of 203885925?
True
Is 24 a factor of 1015853256?
True
Does 8 divide 69108928?
True
Is 91421755 a multiple of 3623?
False
Is 68879264 a multiple of 175?
False
Does 149 divide 2614950?
True
Is 154 a factor of 44104522?
True
Does 5 divide 47062885?
True
Does 1733 divide 506732664?
False
Is 2797 a factor of 22090706?
True
Is 203 a factor of 26346196?
False
Is 31 a factor of 2146290907?
False
Does 1045 divide 18187560?
False
Is 15860898 a multiple of 18?
True
Does 153 divide 320932953?
True
Does 31 divide 1973628067?
False
Is 58 a factor of 175181715?
False
Is 10 a factor of 548310?
True
Does 160 divide 10916002?
False
Is 1272639906 a multiple of 115?
False
Does 437 divide 5695814?
False
Is 13 a factor of 136025825?
True
Does 111 divide 124117374?
False
Is 4909088 a multiple of 4?
True
Does 78 divide 3959358?
True
Does 49 divide 4093019196?
True
Is 3 a factor of 178660943?
False
Is 24808410 a multiple of 297?
True
Is 57 a factor of 70965399?
True
Is 153173910 a multiple of 85?
True
Is 2643 a factor of 3176886?
True
Does 15 divide 77355353?
False
Is 1470589240 a multiple of 2165?
True
Does 19 divide 41309059?
True
Is 824 a factor of 241255397?
False
Is 10 a factor of 70023890?
True
Is 910 a factor of 57548400?
True
Is 1011091314 a multiple of 133?
False
Is 12 a factor of 58858668?
True
Is 17 a factor of 28912716?
True
Does 2733 divide 147413999?
False
Is 1871 a factor of 211668101?
True
Does 3884 divide 1593864280?
False
Does 5 divide 89113547?
False
Does 1903 divide 1226536784?
True
Does 53 divide 142160731?
False
Is 2633344935 a multiple of 885?
True
Is 1377 a factor of 2758131?
True
Does 15 divide 41786940?
True
Is 662730806 a multiple of 646?
False
Does 4 divide 232830751?
False
Is 170 a factor of 11530735?
False
Does 41 divide 9062066?
True
Is 2223987920 a multiple of 70?
True
Is 475 a factor of 30912917?
False
Is 9401382 a multiple of 738?
True
Is 5440739287 a multiple of 278?
False
Is 1384752270 a multiple of 5050?
False
Is 127 a factor of 21389975?
True
Is 582932028 a multiple of 259?
False
Is 2 a factor of 228527776?
True
Is 207705549 a multiple of 1891?
True
Does 3 divide 24114573?
True
Is 295 a factor of 48897090?
False
Is 106 a factor of 153493088?
True
Does 7 divide 8793659?
True
Does 71 divide 150756927?
True
Is 53 a factor of 290446548?
False
Is 1991293062 a multiple of 1938?
True
Does 3444 divide 142574712?
True
Does 939 divide 882907048?
False
Does 1043 divide 21715260?
True
Is 50 a factor of 6898472?
False
Is 517458200 a multiple of 1550?
True
Does 820 divide 353737400?
False
Is 16 a factor of 572407088?
True
Is 60575608 a multiple of 564?
False
Is 32519409 a multiple of 47?
False
Does 333 divide 842865510?
False
Is 16 a factor of 106068906?
False
Does 1224 divide 43105608?
True
Is 977 a factor of 272510742?
False
Is 950 a factor of 746861500?
True
Is 76650219 a multiple of 29?
True
Is 373 a factor of 19223847?
False
Is 872 a factor of 1053519880?
True
Does 2684 divide 239418168?
True
Is 49 a factor of 771615985?
True
Is 187 a factor of 1328566932?
True
Is 778 a factor of 1721971943?
False
Is 542 a factor of 396359479?
False
Is 68178061